6. Is k a prime number?
True
Let f be (-5)/15*3 - -6821. Suppose -5*b = -j + 4*j - f, -2*b + j + 2717 = 0. Is b prime?
True
Suppose 7*d - 3*d + 1480 = 0. Let t = d - -169. Is 30/3*t/(-6) a prime number?
False
Suppose 2*a + q - 1298 - 2946 = 0, 0 = -q. Is a/(-1)*1/(-2) composite?
False
Let p(i) = 2941*i**2 - 13*i + 37. Is p(5) prime?
False
Suppose -5*k + 33941 + 9338 = 4*r, -5*k = 5. Is r a prime number?
False
Let c = 13885 - 8478. Is c a prime number?
True
Let p(s) = s**2 + s + 2. Let y be p(7). Let n = y + -35. Is n prime?
True
Let w(n) = 3636*n**2 + 49*n + 1. Is w(-2) composite?
False
Let k be (-3)/((-9)/6)*(843 - 1). Suppose -3*u + 2507 = -k. Is u a prime number?
False
Is (6 + -8)*3646/(-4) composite?
False
Let k(d) = 19*d**2 - 3*d + 7. Let x(s) = s**2. Let i(f) = k(f) + 6*x(f). Is i(-4) a composite number?
False
Let d(s) = -s**3 + 6*s**2 + s + 8. Let u be d(6). Is 6*(4/(-14) + 2153/u) a composite number?
True
Let c be -115 + (0 - 3) + 0. Let b = c + 249. Suppose 8*n = 7*n + b. Is n a composite number?
False
Let d be (-6 - -10) + (-1 - -2). Suppose 3748 = d*t - 667. Suppose -170 + t = i. Is i a prime number?
False
Suppose -90*i + 98*i - 90408 = 0. Is i composite?
True
Let r be (-4)/(-36) - (-89008)/18. Suppose -4*o + 3*g = 699 - 7291, 3*o - r = 2*g. Is o prime?
False
Suppose 76*l - 70*l = 10362. Is l a composite number?
True
Let i = -1746 + 3929. Is i prime?
False
Let q = -11750 - -26839. Is q prime?
False
Suppose -5*x + 70091 = 3*p, -5*x - 2*p = -x - 56074. Is ((-4)/(-10))/(8/x) a composite number?
False
Suppose 5*d = -5*b - 5523 - 2397, 2*d + 3166 = -3*b. Is d*(-6)/15 - 9/(-15) composite?
True
Let f = -5610 + -4638. Let m = -5701 - f. Is m a prime number?
True
Let c be (-36)/24 - 28414/(-4). Is c/34 - 6/(-51) a composite number?
True
Let j(d) = 384*d - 47. Suppose -5*g + g = -36. Is j(g) prime?
False
Let q(r) = -2*r**2 + 32*r + 5. Let y be q(16). Is (-3390)/(-1) + -6 + y a prime number?
True
Let m be -2 + (8/(-1) - -2). Let v be -2 + -3 + (1 - m). Suppose 0 = -4*r + v, r = 2*i - 3*r - 3762. Is i a composite number?
True
Suppose -3*w + 5*f = -4*w + 113, -5*w = 5*f - 625. Suppose -4*k + 237 + w = m, -4*k = -m - 363. Is k prime?
False
Let h be 10/35 - (-1368)/14. Let s = -23 + -10. Let y = s + h. Is y a composite number?
True
Is 4*2/(-16)*-33206 prime?
True
Let h(r) be the second derivative of 11*r**3/6 - 3*r**2 - 3*r. Let j be h(5). Is 16233/j - 2/7 a composite number?
False
Let p(v) = 189*v**2 - v + 8. Let y be p(-4). Suppose 2*w - w + y = 2*n, n - 1536 = -4*w. Suppose 5*x + 5*m = n, 4*m + 626 = x + x. Is x a prime number?
True
Suppose 13865 = 5*k - 5*r, 918 + 1855 = k - 5*r. Is k composite?
True
Suppose -5*y = -w - 35, 0 = 4*w + 19 + 1. Let u(b) = -6*b - b - 1 - 3*b + y*b. Is u(-5) composite?
False
Let i(p) = 4*p**2 + 15*p + 14. Let v be i(16). Let c = 3911 - v. Is c a composite number?
False
Let g(t) = 966*t**3 + 2*t**2 + 4*t - 5. Is g(1) a composite number?
False
Let a(h) = 8*h - 2. Let k be a(1). Let i(p) = 8*p**3 - p**2 - 6*p - 1. Is i(k) composite?
True
Let z = 166 + -26. Suppose -3*s + 2*a - 146 = -0*s, s - 5*a = -66. Let w = z + s. Is w a prime number?
False
Let u(r) = 149*r + 238. Is u(65) composite?
False
Let q(j) = 7*j - 21. Let m be q(3). Suppose 4*s + a + 4*a - 20672 = 0, 2*s - 3*a - 10314 = m. Is s composite?
True
Let g(z) = -183*z**3 + 5*z**2 + 3*z + 3. Let t = 52 + -54. Is g(t) a prime number?
True
Suppose 4*c - 15200 = -3*n + 7*n, -2*c = -n - 7602. Is c a composite number?
True
Suppose -5*m - 2*d + 15799 = -3612, 4*d = -5*m + 19407. Is m prime?
False
Let q = 57556 + -14243. Is q prime?
True
Let v = -43 + 74. Let w = v - -172. Is w composite?
True
Let v = -42 - -46. Is (v + 35/(-10))/(1/154) composite?
True
Let z be (3284/6)/(32/240). Let b = 2645 - z. Let x = -819 - b. Is x a composite number?
False
Let c = -3 - -6. Suppose 0 = c*x - 167 + 20. Suppose x + 14 = 3*s. Is s prime?
False
Let t(r) = r**3 - 5*r**2 + 6*r - 2. Let l be t(7). Suppose 0 = 5*o + o - l. Is o a composite number?
False
Is 34005/20*(-4)/(-3) a prime number?
True
Let b be (1 + -2)/(5/(-95)). Let d = b - 16. Let k = d + 32. Is k composite?
True
Let q(v) = 16*v**2 + 2*v - 2. Let o be q(2). Let c be ((-112)/24)/(2/(-51)). Let k = c - o. Is k a composite number?
False
Let f be 3/(5/(-4)*(-2)/(-15)). Is (-12)/f + (1910/6)/1 composite?
True
Let v(d) = -2*d**3 - 7*d**2 + 18*d - 55. Is v(-9) a prime number?
False
Let b(o) = 0 - 75*o - 149*o - 1. Suppose -2 = 2*g, 0 = -5*n - 3*g + 4 - 12. Is b(n) a prime number?
True
Let b(z) = -7*z**3 + 3*z**2 - 14*z + 5. Is b(-6) composite?
False
Let y = -5414 - -11623. Is y a prime number?
False
Is 47832/10 - 4*7/140 a composite number?
False
Is (-2477)/(14/28*(-3 + 1)) composite?
False
Suppose 3*b + 213755 = 4*k, -b + 0 = 5. Is k composite?
True
Let z(f) = -f**3 + 8*f**2 - 4. Let u be z(8). Let l(s) = 13*s**2 + 7*s - 2. Is l(u) prime?
False
Suppose -4*u - 4*b + 3972 = 0, -5*b + 1001 = u - 0*b. Is u composite?
False
Let z = 79242 - 48731. Is z prime?
False
Let k be 6/10 - 28584/(-60). Let b = k - 314. Is b a prime number?
True
Suppose 0 = -0*a - a. Suppose a*h = 5*h - 2465. Is h prime?
False
Is 18226 + 18*(-6)/12 prime?
True
Let o be 54/42 - (-1)/((-21)/6). Let j(c) = 181*c - 2. Is j(o) composite?
False
Let x = 4 + 3. Suppose 4*a - x*a = -1167. Is a prime?
True
Suppose -5*q = -5*k + 3460, 4*k = 2*k + 3*q + 1388. Is (-2 - (2 - 5)) + k a composite number?
True
Let c = -9437 - -18004. Is c composite?
True
Let s(q) = -14*q + 1. Let n be s(-1). Suppose l = 2*f - l - 12, 0 = 3*l + n. Is (f + 2 + 11)*1 prime?
False
Let g = -6288 + 10591. Is g prime?
False
Suppose 0 = -61*u + 59*u - 2*d + 4614, 2*u - 2*d - 4622 = 0. Is u prime?
True
Let g(f) = 49*f**2 + 27*f - 123. Is g(-23) a prime number?
False
Suppose 3*y - 8*y = 3*z + 47, y - z + 11 = 0. Is (-8516)/10*y/4 composite?
False
Let y be (2 + 5288/(-10))*(-10)/3. Suppose l + 3*a - y = 0, -3*a + 7*a + 4 = 0. Is l a prime number?
True
Suppose 20*o = -o + 105882. Is o a composite number?
True
Suppose 5*u - 5*k - 10 - 50 = 0, 5*u = -5*k + 20. Let q be (-2)/u - (-14)/(-8). Is (-1 - 51)/q - 1 a composite number?
True
Suppose -9 = 3*w - 12. Suppose -2*t - 5*b + 11 = 0, t + 0 + 8 = 2*b. Is (127/t)/(w/(-2)) composite?
False
Let r = -30 + 679. Is r prime?
False
Suppose -16*y = -3887 - 2465. Is y a composite number?
False
Let k = 8 + 19. Suppose -20*a = -k*a + 4823. Is a a prime number?
False
Suppose -3*w - 76 = -7*w. Suppose d + w = 77. Suppose -g = 5 - d. Is g composite?
False
Suppose 0 = 5*g + 2 - 62. Let h be (3 + -3 - 3) + g. Suppose 2*o + 3*k - h = 37, 0 = o - 2*k - 30. Is o composite?
True
Let j(n) = -n**3 + 3*n**2 + 7*n + 2. Is j(-9) prime?
True
Let s(q) = 157*q - 144. Is s(5) prime?
True
Let g(j) = -j**3 - 5*j - 4. Let t be g(-2). Is 22288/49*4 - 6/t a composite number?
True
Let a(x) = 129*x**2 + 22*x - 33. Is a(-14) composite?
False
Let m = 25 - 13. Let y be m/42 - 74/14. Let c(t) = -10*t + 3. Is c(y) a prime number?
True
Let h(z) = -979*z - 334. Is h(-19) prime?
False
Suppose -3*u - w + 4086 = 0, w - 6808 = -0*u - 5*u. Suppose 0 = 4*r - 707 - u. Is r prime?
False
Suppose -2*k = -0*k. Let s(n) = n**3 + 5*n**2 + 5*n - 1. Let f be s(-3). Suppose a = 2*q - 38, -q + 3*a + f*a + 19 = k. Is q composite?
False
Let w(n) = 59*n**2 - 4*n + 1. Let v be w(-3). Let d = v - -1274. Suppose -5*c = -4*z + 576 + 1883, -3*z + d = 5*c. Is z composite?
True
Let d = -8 + -4. Let u = d + 14. Suppose 4*a - b = -5*b + 2000, -997 = -u*a + b. Is a prime?
True
Suppose 3*p + 4*f - 5686 - 3898 = 0, -3*p + 9591 = -3*f. Let x = p - 1919. Is x a composite number?
False
Suppose -3*o = -5*w - 125207, -6*o + 4*o = -w - 83462. Is o a composite number?
False
Suppose -7*t + 12 = -4*t. Is 1 - (-4 + (-312 - t)) a prime number?
False
Suppose -20*o + 699 = -221. Is o a prime number?
False
Let m(z) = 8*z + 10. Let j be m(14). Suppose 7*n = 8*n - j. Is n a prime number?
False
Is 0 + 684 + (-41 - -46) a composite number?
True
Let k(n) = 5*n**3 - 3*n**2 - 7*n - 7. Let l be k(6). Suppose -i + 5*f = -379, -4*i + 545 + l = -4*f. Suppose 2*d + 2*d - i = 0. Is d a composite number?
True
Let d(l) = l**3 - 6*l**2 + l - 3. Let t be d(6). Suppose -6*s + 12 = -t*s. Suppose p + 2667 = s*p. Is p a prime number?
False
Let f = 4 - 6. Let z be 15